f s(x)?
1
Suppose 1781799 = 91*o + 424443. What is the ten thousands digit of o?
1
Suppose -2*h + 59762 = -2*d, h + 38*d - 37*d = 29893. What is the thousands digit of h?
9
Let p be 57*(0 + 3/(-18)*2). Let f(n) = -n**2 - 25*n - 6. Let u be f(p). Let o = u + -61. What is the units digit of o?
7
Let d(m) be the first derivative of -5*m**4/4 + m**3 + 6*m**2 + 5*m + 57. What is the hundreds digit of d(-3)?
1
Let l be -41 + 22 - -20 - 0. Suppose 0 = -5*g + 2*d + 2353, -5*d = -g - g + 958. What is the tens digit of ((-6)/(-21))/(l/g)?
3
Let h(j) = j**2 + 1 - 10*j + 0*j - 3*j + 9. Let r = -131 + 148. What is the units digit of h(r)?
8
Suppose 0 = -9*l + 8*l. Let k be (l - (-3)/9)/((-5)/(-75)). Suppose -k*r - 138 = -7*r. What is the tens digit of r?
6
Suppose 0 = -2*b, -5*k - 3*b - b = -15265. Let z = k - 2142. What is the hundreds digit of z?
9
Suppose 0 = 5*c - 25, 0*a = 2*a - 4*c + 4. Suppose -a = -6*y + 28. Suppose 9*x = y*x + 222. What is the tens digit of x?
7
Let l be ((0 - 0)/(1 + 1))/(-1). Suppose -3*h = -2*h + 5*q + 11, -2*h + 4*q + 34 = 0. What is the hundreds digit of 1 - -135 - l/h?
1
Let k(f) be the first derivative of f**5/60 - f**4/12 + 5*f**3/3 + 7*f**2 + 10. Let d(v) be the second derivative of k(v). What is the tens digit of d(5)?
2
Suppose 0 = 4*b - 1122 - 174. Suppose 0 = 4*y + b - 44. Let c = y - -104. What is the units digit of c?
4
Suppose 8*g - 3*g + 2*w - 193 = 0, -4*g = -5*w - 161. Let x = g + -41. What is the hundreds digit of x/4 + (-343)/(-2)?
1
Suppose 81*x = 75*x + 3348. Let i = 1372 - x. What is the hundreds digit of i?
8
Let u(g) = -3*g - 1366*g**3 + 1368*g**3 - 4*g - 2. What is the hundreds digit of u(5)?
2
Suppose 0 = 6*c - 4*c + 6, -5*c - 285 = 5*i. Let l(q) = q**3 + q**2 - 3*q + 20. Let w be l(-5). Let n = i - w. What is the units digit of n?
1
Let d = 8953 - -7438. What is the thousands digit of d?
6
Let l(k) = 53*k - 224. Let j(m) = m**2 + 1. Let t(q) = 5*j(q) - l(q). What is the tens digit of t(5)?
8
Let d be 1*-117*42/(-63). Let a = 113 + d. What is the hundreds digit of a?
1
Suppose -2*h - 23*b + 57410 = -49*b + 21*b, 4*b = 0. What is the ten thousands digit of h?
2
Suppose 3*v + 4 = 7*v, 0 = -4*t - 3*v - 549. Let c = t + 312. Suppose 5*a = 21 + c. What is the units digit of a?
9
Let q = -224 - -228. Suppose -i + 121 + 461 = -f, q*f = i - 570. What is the hundreds digit of i?
5
Suppose 391 = -4*t + 1591. Suppose -43*u = -41*u - t. Suppose 0*p = 3*p - u. What is the units digit of p?
0
Suppose 2*j + 4*o - 30 = 3*j, -70 = 5*j - 4*o. Suppose -23*z + 12*z + 3322 = 0. What is the units digit of j/(-15) - z/(-6)?
1
Let p(a) = 4*a**2 - 5*a + 12. Suppose -3*z = -m + 36, -4*m = -2*z + 4*z + 10. What is the hundreds digit of p(z)?
5
Let n(s) = -s**3 + 20*s**2 - 34*s - 1. Let g be n(18). Suppose 43*m - g*m - 3672 = 0. What is the hundreds digit of m?
4
Let k(p) = 586*p + 1345. What is the hundreds digit of k(136)?
0
Suppose 6*c = -95 - 199. Let a = 51 + c. Suppose -a*h = -3*k + 201 + 147, 0 = 4*k - 3*h - 464. What is the tens digit of k?
1
Let k(v) be the third derivative of v**6/120 + 17*v**5/60 + 17*v**4/24 + 37*v**3/6 - 2*v**2. Let m be (-8 - -7)*(17 + -1 + 0). What is the tens digit of k(m)?
2
Let i be (-1 - -17)/4 + 8. Let y(p) = 27*p + 139. What is the units digit of y(i)?
3
Let m(f) = 388*f + 364. What is the hundreds digit of m(21)?
5
Let j = 20224 + -9287. What is the ten thousands digit of j?
1
Let d = 14 + -10. Suppose -4 = -s, d*j - 3*s - 13 = -j. Suppose -2*f = 3*k - 1, j*f - 51 = 2*k - 20. What is the units digit of f?
5
Let y = 52 - 52. Suppose -14*u + 12*u + 466 = y. Suppose p + 4*v - 143 = 0, 998 = 5*p - 5*v + u. What is the hundreds digit of p?
1
Suppose -u + 178 = 5*n - 2, -15 = -3*u. Let g(y) = 40*y + 102. What is the units digit of g(n)?
2
What is the thousands digit of 91/(-2)*((-22578)/14 - -18 - 15)?
3
Suppose -y - 23223 = -3*o, -4*o - 2*y = -31745 + 791. What is the units digit of o?
0
Let i be (-101465)/(-260) - (-2)/(-7 + -1). Suppose -v + 5*f - 3*f + 402 = 0, -4*f + i = v. What is the units digit of v?
8
Let i = -447 - -2455. Suppose -i = -111*f + 107*f. What is the hundreds digit of f?
5
Let t = 107 - 107. Suppose 7*g + 3*g - 820 = t. What is the tens digit of g?
8
Suppose 45*c - 997240 = 5*c. What is the thousands digit of c?
4
Suppose 2*h - 503 = 579. Let a = h - 486. What is the units digit of a?
5
Let c = 4555 - -8094. What is the hundreds digit of c?
6
Suppose -4*y + 62 + 206 = 0. Let j = 75 + y. What is the hundreds digit of j?
1
Suppose 0 = -t + 5*m - 171, 430 = -4*t + 2*m - 344. Let l = t + 328. Suppose 5*n - l = n. What is the units digit of n?
3
Let f(b) = 30*b + 1. Let l be f(6). Let q = l + 4. Suppose 3*g - 266 = -4*k, 3*k - 12 - q = -g. What is the tens digit of k?
6
Let n(a) = -36*a - 15. Let b(d) = 4*d**3 - 3*d**2 - 4*d - 3. Let p be b(-2). Let s = p + 36. What is the tens digit of n(s)?
9
Suppose q = 3*s + 27, 5*s = -4*q + 66 + 42. Suppose -q*c + 41843 = 16922. What is the tens digit of c?
2
Let o(h) = 39*h**2 - 2*h + 1. Let b be o(-1). Let f = b + -248. Let n = -46 - f. What is the units digit of n?
0
Let o = 94 - 170. Let u = o + 462. What is the units digit of u?
6
What is the thousands digit of (12 - 4 - -3)/((-16)/(-18368))?
2
Suppose -13*b = -8*b. Suppose b = -d - 63 - 97. What is the units digit of (5/(-4))/(2 + 324/d)?
0
Let h(o) = o**3 - 13*o**2 + 16*o + 9. Let c(u) = u**2 - 4*u + 3. Let t be c(-5). Let m = -36 + t. What is the units digit of h(m)?
7
Let l = 494 - 491. Suppose -i + 5*y + 391 = 0, 0 = -5*i - l*y + 5*y + 1840. What is the tens digit of i?
6
Suppose -4*h - 2*j - 2*j + 52 = 0, -h - 5*j = -17. Suppose 634 = h*t - 2894. What is the hundreds digit of t?
2
Let n(d) = -5*d**3 + 11*d**2 + 40*d - 48. What is the hundreds digit of n(-9)?
1
Let g = 46 - 42. Let y be (5/(-2))/(2 - 10/g). Suppose 0 = -4*a - y*v + 792, -9*v + 4*v = -a + 223. What is the units digit of a?
3
Suppose 4*h - 3*p - 28867 = 0, -1115*p + 1116*p = -4*h + 28847. What is the hundreds digit of h?
2
Let v(f) = -56*f - 22. Let n be v(14). Let y = -133 - n. What is the tens digit of y?
7
Suppose -120*o + 91*o + 571938 = 0. What is the tens digit of o?
2
Let n(j) = -j**3 - 13*j**2 - 17*j - 115. Let o be n(-13). Let p = o - -781. What is the units digit of p?
7
Let d(z) = 46*z**2 - 487*z - 23. What is the thousands digit of d(21)?
0
Let g(o) = 3*o**3 - 11*o**2 - 3*o - 11. Let n be g(8). Let u = 1601 - n. Suppose -k + u = 5*k. What is the tens digit of k?
3
Let k(q) = 23*q**3 - 7*q**2 - 4*q - 4. What is the units digit of k(6)?
8
Let x(l) = -3*l**3 - 57*l**2 - 95*l - 42. What is the tens digit of x(-27)?
1
Let o = -1789 + 3101. Suppose 10 = 11*h - 6*h, 3*m - o = 4*h. What is the units digit of m?
0
Suppose 0*b - 609 = -7*b. Suppose 0 = 6*v - 123 - b. Suppose v + 13 = 4*l. What is the tens digit of l?
1
Suppose 5*q = 94630 + 232185. What is the hundreds digit of q?
3
Let v(h) = -h - 3*h + 7*h + 2 + h**2. Let o be v(4). Suppose 0 = -o*u + 31*u - 27. What is the tens digit of u?
2
Let z be -12 + 12 + -245 + 0. Let a = z + 475. Suppose -5*x = -0*x - a. What is the units digit of x?
6
Let i(b) = -161*b - 126. Suppose 14 = -8*x - 82. What is the hundreds digit of i(x)?
8
Suppose 0 = 14*c + 17*c - 27961 + 10167. What is the hundreds digit of c?
5
What is the ten thousands digit of (10 - (-9 + -34886)) + 9?
3
Let j be -3*7*9/81*321. Let l = j + 2624. What is the tens digit of l?
7
Let t(h) = -75*h + 12*h**2 + 56*h - 3 + 21*h. Let u = 1 - 5. What is the units digit of t(u)?
1
Suppose 71*c + b = 65*c + 143421, 23898 = c + 2*b. What is the thousands digit of c?
3
Let u(i) = -9*i + 1. Let k be (-8 + 14)*2/(-4). Let v be u(k). Suppose -3*l + v = l. What is the units digit of l?
7
Suppose 3*r + 4*v - 3169 = 0, -3*v + 5293 = 5*r - 2*v. Suppose -r = -5*d + 3*z, -3*z = -3*d + 4*d - 201. What is the hundreds digit of d?
2
Let u(h) = h**2 + h - 1. Let q(n) = -2*n**2 + 3*n + 5. Let d(g) = 2*q(g) + 6*u(g). Let m(v) = 8*v - 1. Let f be m(-1). What is the units digit of d(f)?
8
Suppose 0 = 2*q + 148 + 1482. Let w = q + 1790. Suppose w = -0*z + 13*z. What is the tens digit of z?
7
Let j(n) = 78*n**2 + 2*n + 5. Suppose 3*z + 13 = -d, -3*d = 10 + 2. What is the units digit of j(z)?
1
Suppose -18*s + 26*s = 424. Let n = s